{"id":285,"date":"2016-01-06T16:42:00","date_gmt":"2016-01-06T15:42:00","guid":{"rendered":"http:\/\/oxymed-dz.com\/site\/?page_id=285"},"modified":"2016-03-01T13:57:00","modified_gmt":"2016-03-01T12:57:00","slug":"prise-sega-c-evaluation-des-gazes","status":"publish","type":"page","link":"http:\/\/oxymed-dz.com\/site\/prise-sega-c-evaluation-des-gazes\/","title":{"rendered":"Prise S\u00e9ga C \u00e9vacuation des gaz"},"content":{"rendered":"<h4>PRISE SEGA<\/h4>\n<table style=\"border-color: #423636;\">\n<tbody>\n<tr>\n<td colspan=\"2\"><\/td>\n<\/tr>\n<tr>\n<td style=\"border-right: 1px solid #eeeeee; width: 250px; height: 265px;\"><img loading=\"lazy\" decoding=\"async\" class=\"alignnone wp-image-896 size-full\" src=\"http:\/\/oxymed-dz.com\/site\/wp-content\/uploads\/2016\/01\/Sprise-sega-.jpg\" alt=\"\" width=\"250\" height=\"265\" \/><\/td>\n<td style=\"padding-left: 4px;\">La prise SEGA est un Syst\u00e8me d\u2019Evacuation des Gaz d\u2019Anesth\u00e9sie. Elle g\u00e9n\u00e8re une d\u00e9pression par effet venturi gr\u00e2ce \u00e0 un branchement sur le r\u00e9seau d\u2019Air<\/p>\n<p><strong><br \/>\n<\/strong><\/td>\n<\/tr>\n<tr>\n<td>\n<div><strong>Voir la fiche technique<\/strong><\/div>\n<\/td>\n<td>\n<div><a href=\"http:\/\/oxymed-dz.com\/site\/wp-content\/uploads\/2016\/03\/Prise-SEGA.pdf\"><img loading=\"lazy\" decoding=\"async\" class=\"alignnone wp-image-906 size-full\" src=\"http:\/\/oxymed-dz.com\/site\/wp-content\/uploads\/2016\/03\/pdf-icon.jpg\" alt=\"\" width=\"38\" height=\"40\" \/><\/a><\/div>\n<\/td>\n<\/tr>\n<\/tbody>\n<\/table>\n","protected":false},"excerpt":{"rendered":"<p>PRISE SEGA La prise SEGA est un Syst\u00e8me d\u2019Evacuation des Gaz d\u2019Anesth\u00e9sie. Elle g\u00e9n\u00e8re une d\u00e9pression par effet venturi gr\u00e2ce \u00e0 un branchement sur le r\u00e9seau d\u2019Air Voir la fiche technique<\/p>\n","protected":false},"author":1,"featured_media":0,"parent":0,"menu_order":0,"comment_status":"closed","ping_status":"closed","template":"","meta":{"footnotes":""},"class_list":["post-285","page","type-page","status-publish","hentry"],"_links":{"self":[{"href":"http:\/\/oxymed-dz.com\/site\/wp-json\/wp\/v2\/pages\/285","targetHints":{"allow":["GET"]}}],"collection":[{"href":"http:\/\/oxymed-dz.com\/site\/wp-json\/wp\/v2\/pages"}],"about":[{"href":"http:\/\/oxymed-dz.com\/site\/wp-json\/wp\/v2\/types\/page"}],"author":[{"embeddable":true,"href":"http:\/\/oxymed-dz.com\/site\/wp-json\/wp\/v2\/users\/1"}],"replies":[{"embeddable":true,"href":"http:\/\/oxymed-dz.com\/site\/wp-json\/wp\/v2\/comments?post=285"}],"version-history":[{"count":11,"href":"http:\/\/oxymed-dz.com\/site\/wp-json\/wp\/v2\/pages\/285\/revisions"}],"predecessor-version":[{"id":965,"href":"http:\/\/oxymed-dz.com\/site\/wp-json\/wp\/v2\/pages\/285\/revisions\/965"}],"wp:attachment":[{"href":"http:\/\/oxymed-dz.com\/site\/wp-json\/wp\/v2\/media?parent=285"}],"curies":[{"name":"wp","href":"https:\/\/api.w.org\/{rel}","templated":true}]}}