{"id":90,"date":"2015-12-29T11:24:32","date_gmt":"2015-12-29T10:24:32","guid":{"rendered":"http:\/\/oxymed-dz.com\/site\/?page_id=90"},"modified":"2016-01-27T11:24:31","modified_gmt":"2016-01-27T10:24:31","slug":"co2-proto-n20","status":"publish","type":"page","link":"http:\/\/oxymed-dz.com\/site\/co2-proto-n20\/","title":{"rendered":"CO2  \/ N20"},"content":{"rendered":"<div class=\"cols\">\n<div class=\"three\">\n<ul class=\"ulprod\">\n<li><a href=\"http:\/\/oxymed-dz.com\/site\/central-co2-n2o\/\">&gt; Centrale CO2 \/ N2O<\/a><\/li>\n<li><a href=\"http:\/\/oxymed-dz.com\/site\/prise\/\">&gt; Prise<\/a><\/li>\n<li><a href=\"http:\/\/oxymed-dz.com\/site\/damao\/\">&gt; Damao CO2 \/ N20<\/a><\/li>\n<\/ul>\n<\/div>\n<div class=\"two\">\n<ul class=\"ulprod\">\n<li><a href=\"http:\/\/oxymed-dz.com\/site\/cuivre\/\">&gt; Cuivre m\u00e9dical d\u00e9graiss\u00e9<\/a><\/li>\n<li><a href=\"http:\/\/oxymed-dz.com\/site\/alarme-vigi\/\">&gt; Alarme VIGI<\/a><\/li>\n<\/ul>\n<\/div>\n<\/div>\n","protected":false},"excerpt":{"rendered":"<p>&gt; Centrale CO2 \/ N2O &gt; Prise &gt; Damao CO2 \/ N20 &gt; Cuivre m\u00e9dical d\u00e9graiss\u00e9 &gt; Alarme VIGI<\/p>\n","protected":false},"author":1,"featured_media":0,"parent":0,"menu_order":0,"comment_status":"closed","ping_status":"closed","template":"","meta":{"footnotes":""},"class_list":["post-90","page","type-page","status-publish","hentry"],"_links":{"self":[{"href":"http:\/\/oxymed-dz.com\/site\/wp-json\/wp\/v2\/pages\/90","targetHints":{"allow":["GET"]}}],"collection":[{"href":"http:\/\/oxymed-dz.com\/site\/wp-json\/wp\/v2\/pages"}],"about":[{"href":"http:\/\/oxymed-dz.com\/site\/wp-json\/wp\/v2\/types\/page"}],"author":[{"embeddable":true,"href":"http:\/\/oxymed-dz.com\/site\/wp-json\/wp\/v2\/users\/1"}],"replies":[{"embeddable":true,"href":"http:\/\/oxymed-dz.com\/site\/wp-json\/wp\/v2\/comments?post=90"}],"version-history":[{"count":10,"href":"http:\/\/oxymed-dz.com\/site\/wp-json\/wp\/v2\/pages\/90\/revisions"}],"predecessor-version":[{"id":665,"href":"http:\/\/oxymed-dz.com\/site\/wp-json\/wp\/v2\/pages\/90\/revisions\/665"}],"wp:attachment":[{"href":"http:\/\/oxymed-dz.com\/site\/wp-json\/wp\/v2\/media?parent=90"}],"curies":[{"name":"wp","href":"https:\/\/api.w.org\/{rel}","templated":true}]}}